-2
7
Evaluate (-5 - -1) + (-6 - (-2 + -5)) + 0.
-3
What is the value of 15 + -20 - (2 - 4) - -8 - 10?
-5
What is -481 - -485 - (0 - 13)?
17
Evaluate -15 + (-4 + 6 - -4).
-9
Calculate -2 - (-3 + (5 - -2) - (9 + 1)).
4
(57 + -108 - -40) + 16 + 0
5
What is 26 - (12 - (-28 - -44))?
30
What is (-4 - -15) + -20 + 20?
11
What is the value of 44 + (-77 + -5 - -39)?
1
What is the value of -6 - (-5 + (10 - 8))?
-3
-8 - (-2 + -16 + 13)
-3
What is (-4 - -24) + -29 - -5?
-4
What is -12 - (4 + (-2 - -15 - 13))?
-16
17 - 9 - 16 - (0 + -7)
-1
What is -1 + -4 + (0 - -4 - -6) + 6?
11
(1 - 1) + (-20 + 1 - -19)
0
What is the value of (6 - (8 - -4)) + 6 - 1?
-1
Calculate -1 - (3 - (0 - 2)) - (124 - 123).
-7
Calculate 9 + -2 + (-4 - -4 - (1 - -8)).
-2
Calculate -24 - (-16 - 19 - -10).
1
-5 + (-3 - -4) + 1
-3
(-8 + 0 - -40) + -7 + (3 - -9)
37
Evaluate 21 + (1 + (-5 - (-1 + 8)) - -5).
15
(3 - (-11 + 8)) + 3 + -16
-7
What is (8 - 8) + -1 - (2 + -10 + 30)?
-23
What is 21 + (36 + -24 - 17)?
16
Evaluate -1 + 10 - (2 - 1 - -5).
3
What is 2 + 10 + -8 + (15 - 2 - 3)?
14
What is 9 + (3 - 13 - (-33 - -17))?
15
What is 0 + (-5 + 3 + -3 - -6 - 3)?
-2
11 + -10 + 41 + -23
19
Evaluate -10 - (-19 - (-5 - 7)).
-3
Evaluate 3 + (-12 - (0 - (-8 + 1 + -1))).
-17
What is (-9 - -20 - 5) + (3 - 2) + -1?
6
What is 35 + 13 + 0 + -22 + -9?
17
Calculate 2 + (12 - (0 + 0)).
14
-13 + 0 + 11 + -8
-10
What is -38 - (1 - (-3 + 21 + -8))?
-29
What is the value of -2 + -16 + -5 + 6 + 5?
-12
Evaluate 24 + (15 - 46 - -12) + (-2 - 1).
2
What is 12 - 5 - ((-9 - (1 + -37)) + -4)?
-16
0 + 12 + (0 - (8 + 0)) + -8
-4
-13 + 13 + 0 + 0 + 6 + -7
-1
Evaluate -14 + (-123 - -134) - ((1 - -3) + 0).
-7
What is (3 - (21 - 14 - 18)) + -18?
-4
Evaluate 5 - (-8 + 1 - 11 - -5).
18
What is the value of (-60 - -42) + 4 + 49?
35
What is -9 - (-4 + (1 - -6) + 0 + -8)?
-4
4 - ((56 - 75) + (0 - (-8 - -3)))
18
What is (20 - (27 - -14)) + 19?
-2
Evaluate -4 - (7 + -28 + 13).
4
What is (-480 - -472) + (1 - 6)?
-13
What is the value of 20 - (-7 + 5 + 3) - (-1 + -1)?
21
Calculate 16 - (((4 - -3) + 4 - 1) + -7).
13
Calculate -13 + (42 - (-15 + 4)) - 8.
32
What is (18 - ((-12 - -12) + 1)) + 6?
23
What is -2 + -7 + (1 - (-3 - 7))?
2
Evaluate -27 + 12 + 21 - 21.
-15
Evaluate 1 - (3 - (-15 + 10)).
-7
What is the value of (-3 + (0 - -4) - -6) + -2 + -12?
-7
Calculate (2 - 9) + (-2 - -5).
-4
What is 6 + (-6 - -18 - (-4 + 12))?
10
What is the value of -39 - (-4 - (-1 + 10 + 0))?
-26
Calculate (-7 + 12 - -5) + 15 - (2 + 3).
20
Evaluate 1 + -7 + 32 + 4 + (-16 - 0).
14
Calculate -355 + 349 + -2 + -3 + 0.
-11
Evaluate (8 - -2) + (-6 - (-13 - -4)).
13
What is -10 - (0 + 4 + 0 + 4 + 2)?
-20
What is (2 - (11 + 1 + -10)) + -28?
-28
What is the value of 93 - 93 - (2 + 2)?
-4
What is 10 - (6 - ((8 - 5) + -9))?
-2
What is the value of 0 - 4 - (-94 + 108)?
-18
What is (17 - (23 + -21)) + -33?
-18
0 - -19 - (1374 - 1362)
7
Calculate (8 - (-8 + 6)) + -12.
-2
Calculate 2 + (-21 - -5 - 3 - 15).
-32
What is the value of 0 - ((3 - 3) + -26)?
26
Calculate (-10 - -1) + (5 + (7 - 19) - -8).
-8
What is the value of -2 + 3 + (16 + 2 - (5 + 0))?
14
What is 27 - (18 + (-3 - 8) + -1 + -7)?
28
What is the value of -15 + 9 - (-2 + -26)?
22
Evaluate (1 - 2) + -8 + 23 + -8.
6
6 + 8 + (5 - (4 + 10))
5
What is the value of (-11 - (-6 + 4)) + -9 - -9?
-9
What is 18 - 10 - -3 - 2?
9
-6 + -10 + 6 + 19
9
What is -26 + 7 + (12 + -12 - -24)?
5
What is 20 + -5 + 3 + 0 + 5 + -6?
17
Calculate 9 + -29 + 25 + -8.
-3
What is -36 + -2 - (-418 - -391)?
-11
Evaluate -7 - ((7 + -2 - 5) + -4 - -2).
-5
Calculate -5 + (-9 + 2 - (-26 - (5 + -2))).
17
-3 + -13 + 3 - -13
0
Calculate -2 + -1 + 2 - (18 + -41 + 18).
4
Calculate (-1 - 3) + -3 + 78 + -23 + -34.
14
(-3 - (1 - 10)) + 7
13
Evaluate (-6 - (-7 - (3 - (6 - 0)))) + 19.
17
Evaluate -22 + 25 - (-33 + 60).
-24
Evaluate -16 + (28 - 40 - (2 - 7)).
-23
Calculate -73 + 50 - (-48 + 1).
24
What is the value of -121 + 123 - (-1 - (-6 - -3) - 7)?
7
Evaluate -617 + 591 + 1 + 13.
-12
What is 16 + 8 + (5 - -1 - 10)?
20
What is the value of 10 + (-1 - -4) + -18 + 13 - -16?
24
Evaluate -19 + 16 + (0 + -3 - -12) - 7.
-1
What is the value of -32 - (-147 + 129 + (0 - -3))?
-17
8 - (0 + -6 + 0) - (-5 + 3)
16
What is 15 + (-9 - -2) + -8 + 11?
11
Calculate 24 + -18 + -14 + 11 + (5 - 3).
5
Calculate 1 - (5 + 30) - (13 + -26).
-21
What is the value of 22 - (10 + (27 - 27)) - (-9 + -1)?
22
What is the value of 0 + (-10 + 8 - -14 - (-2 - -8))?
6
What is the value of 17 + 3 + 5 + -5 + -7?
13
Evaluate 50 + (-21 - -4) + -6 + 13.
40
What is -2 + -1 + 2 + -27 + 12 + 23?
7
What is the value of 3 + -3 - (-10 + (10 - -4))?
-4
What is -3 + 3 + (-4 - (9 - (-9 - -9)))?
-13
What is the value of 16 + 9 + -24 - (-6 - (3 + -1))?
9
What is the value of -2 - (-19 + 20 + (-14 - (2 + -1)))?
12
2 - 7 - (6 - (17 - (-2 - 2)))
10
Evaluate 69 + -104 - (-6 - 2) - -12.
-15
What is the value of -104 + 123 - (9 - -3)?
7
(-14 - 7 - -8) + -2
-15
Calculate -4 + (-9 - 7 - (-3 - 6)).
-11
Calculate 105 - 124 - (0 - 11).
-8
What is the value of (16 - 7) + (2 - 1 - -1)?
11
16 - (-19 + -9 + (7 - -19) + -9)
27
What is the value of (-30 - -70) + -61 - (2 + -13)?
-10
23 + 30 + 7 + -21
39
What is 10 + 12 + -24 + (-5 - 2)?
-9
What is the value of -41 + (-2 - ((-2 - 17) + -1))?
-23
What is the value of 17 + -37 + 32 - -1?
13
Calculate -4 - (-40 + 24 + -10).
22
-16 - ((-8 - 13) + 5)
0
Calculate (3 - 6) + 0 + 6 + 9.
12
What is -9 + (1 - -5 - -5)?
2
(-27 - -6) + 27 - -4
10
-2 + (-16 - (-2 - -3))
-19
Evaluate -24 + 8 - -6 - -4 - 1.
-7
Evaluate 7 - (19 - (-13 - -32)).
7
What is the value of (-6 + 11 - -14) + -29?
-10
Calculate 10 + (8 - (2 + 4 + 14)) + 8.
6
10 + 37 + -45 + 5
7
Evaluate -5 - (-16 - (3 - 1) - -11).
2
Evaluate -8 + -2 + -36 + 31 + 5.
-10
Evaluate (1 - -12) + (72 - 91).
-6
Calculate (-6 + (14 - 5) - -6 - 9) + 13.
13
Calculate (8 + 6 - 6) + (-3 - -4) + 11.
20
Calculate 30 - (28 - (-10 + 25)).
17
What is 3 + (51 + -64 - (1 - 27))?
16
Evaluate -11 - (15 + -16) - -19 - (-2 - 16).
27
What is the value of -3 + (-7 - -1 - (4 - 0 - 6))?
-7
14 - (1 - (-15 + 5))
3
What is 9 + 13 + -11 + -15?
-4
17 + (-25 - (8 + -7))
-9
-4 + 5 - (-16 + 4)
13
Calculate 0 + 0 + 4 + -4.
0
What is (-9 - -6) + (0 - 0)?
-3
What is the value of -1 + 28 + -392 + 359?
-6
Calculate -37 - -38 - (8 - (3 + -11)).
-15
Evaluate 83 + -82 + (9 + 2 - 2).
10
What is (-41 - -37) + (-4 - -11) + 25 + -2?
26
Calculate -15 - (8 - -2 - 23).
-2
-24 - -28 - (6 + 0)
-2
What is 13 + -11 - (4 + -1 + 1 + -5)?
3
What is (23 - 6 - 12) + -9?
-4
-2 + (-9 - -11 - 2) + (1 - -6)
5
Calculate -8 + -17 + 12 + 1 + 13.
1
What is (2 - (0 - -6)) + -1 + -140 + 137?
-8
0 + -5 + 8 + -9 - (-7 + 9)
-8
What is (4 - -5 - (-12 - -9 - -1)) + 6?
17
What is -5 - (2 + 0 - (-5 - -8))?
-4
What is the value of 26 + -16 + -12 + 30 + 0 + -1?
27
Evaluate 21 - (-7 + 14) - 42 - 5.
-33
-16 + (-48 - -26) + 13
-25
Calculate (-1 - 1) + (21 - 3) + -12.
4
Calculate 15 + (-1 - -6) + (-27 - -22).
15
1 + -9 - (-57 - -57)
-8
Evaluate -3 + (1 + 1 - -10) + -3 + -4.
2
Evaluate 0 + -7 + (4 - (7 + (3 - 11))).
-2
(13 - (-3 + -1)) + (-16 - 12 - -34)
23
What is the value of -3 + 20 - (6 + -10)?
21
(-10 - -14 - -4 - (0 - 3)) + -1
10
What is the value of -4 - (4 + -14 - -7 - -6) - 25?
-32
Evaluate 13 - (35 - (0 - -19)).
-3
Calculate -21 + (9 - (13 + -21)).
-4
What is the value of -2 + (-2 - -3) + 5 + -2 - -11?
13
Calculate (-10 - (1 + -5)) + 12 + -9 + 5.
2
What is the value of 5 - (10 - ((-1 - -8) + -30 + 24))?
-4
-2 + 2 - (36 + 16 + -30 + 6)
-28
Evaluate -5 + (-10 - (27 + -24)).
-18
Evaluate 22 + -30 + -3 - (-23 + -1).
13
What is 1 - 15 - (12 - (36 - (-10 - -34)))?
-14
What is 7 + 1 - (-1250 + 1240)?
18
-14 - 0 - (11 - (-2 + 13 + -1))
-15
-7 - (5 + -15) - 8 - -7
2
Evaluate -42 + 10 - -25 - 21.
-28
What is the value of -30 - (-22 - (15 + -13)) - (1 - 15)?
8
What is the value of -8 - -18 - ((4 - 0) + 2) - 16?
-12
(-22 - -30) + -1 + 18
25
(-22 - (-5 + -3)) + 25 + -46
-35
What is the value of -127 - -79 - (0 - 21)?
-27
1 + -9 + (97 - 97)
-8
Calculate -9 + 22 + -11 - 7.
-5
Evaluate 0 + -7 + 2 - 6.
-11
Calculate 2 - (20 - 9 - 7) - 8 - 0.
-10
Evaluate -4 - (-3 + -3 + 1 - 1) - 4.
-2
What is -589 + 593 + -1 + (0 - 1)?
2
Evaluate (-7 + 2 - -10) + 1 + 3.
9
Evaluate -2 + -19 - (-212 - -194).
-3
What is the value o